f(6). Let j = o + 33. What are the prime factors of j?
2, 3
Suppose -4*l + l + 36 = 3*q, 0 = -5*l + 5*q + 20. Suppose 19 + 469 = l*p. What are the prime factors of p?
61
Suppose -12*w = 188 - 752. Suppose -w*p + 1848 = -40*p. What are the prime factors of p?
2, 3, 11
Let s = 3064 - 1181. List the prime factors of s.
7, 269
Let u be 3/9 - 5/(-3). Let n(l) = 11*l**3 - 2*l**2 + 3*l**3 - l + 3*l**u. What are the prime factors of n(1)?
2, 7
Suppose 5 = g, -2*f + 0*g - g = -11. Suppose 5*x - 22 = -7, 91 = -2*y + f*x. Let j = y + 67. What are the prime factors of j?
2, 13
Let o = -18 - -30. Let x be (-10)/30 + 172/3. Suppose 3*u = o, -5*m + 2*u + x + 115 = 0. List the prime factors of m.
2, 3
Suppose -25*g + 96581 = 26831. List the prime factors of g.
2, 3, 5, 31
Suppose 0 = -4*v + 87 + 509. Suppose v = 5*p - 3*r, -5*p = -2*p - 3*r - 93. List the prime factors of 24/(-16)*p/(-3).
2, 7
Let m = 33 + -47. What are the prime factors of ((-200)/7)/(4/m)?
2, 5
Let q(l) = -1590*l + 21. What are the prime factors of q(-3)?
3, 1597
Let r(g) = g**3 + 17*g**2 - 33*g - 20. List the prime factors of r(-18).
2, 5
Suppose 4*y - 3230 = -714. What are the prime factors of y?
17, 37
Suppose 4*o - 3*n = -108, -3*o + 1 = 5*n + 53. Let y = 156 + o. What are the prime factors of y?
2, 3, 11
Suppose 0 = -42*r + 18614 + 45856. List the prime factors of r.
5, 307
Let c = 297 - 24. Suppose -3*o + c = -x - 3*x, -2*o = x - 171. What are the prime factors of o?
3, 29
What are the prime factors of (1/(-3))/(5/(-11805))?
787
What are the prime factors of (-1764630)/180*2/(-7)?
2801
Let q(t) = t + 932. Let s be q(0). Suppose 4*n = -2*o + s, -5*n + o - 5*o + 1168 = 0. Suppose -m - 26 + n = 3*v, 72 = v - 3*m. What are the prime factors of v?
3, 23
Suppose -4*n = 3*j - 22, -3*n = -0*j + 3*j - 21. Let r(v) = v**3 - 5*v**2 - 5*v - 1. Let c be r(j). List the prime factors of (24 + 1)*(c - 4).
5
Let z(w) = -w**2 - w - 1. Let c(s) = s**3 - 7*s**2 + 11*s. Let y(g) = -c(g) - 4*z(g). Suppose 0 = -2*u + 41 - 21. What are the prime factors of y(u)?
2, 17
Suppose -f = 3*v - 4, -2*f + 0*f + 4*v = 2. Suppose -132 = -d + 3*d - 4*s, 5*s = -3*d - 209. List the prime factors of (1 - f)/(-4) - d.
2, 17
Let q(o) be the third derivative of 45*o**4/8 - o**3/3 + 6*o**2. Let h be q(1). Suppose 5*a = 62 + h. List the prime factors of a.
3, 13
Suppose -x = -6*x - 30. Let b(c) = c**2 - 4*c + 1. Let q be b(3). What are the prime factors of (11/11)/(q/x)?
3
Suppose -4*d - 79 = 4*u - 3*d, 0 = 5*u + 5*d + 80. Let z = 42 + u. What are the prime factors of z?
3, 7
Let x = -700 - -1859. What are the prime factors of x?
19, 61
Let m(s) = -2*s**2 - 4 + 18*s**3 - 19*s**3 - s**2 + 6*s. List the prime factors of m(-5).
2
Let w be 4/((-5)/4*32/(-80)). Let g(o) = -13 - 3*o + 5*o + 3. List the prime factors of g(w).
2, 3
Let d(h) be the second derivative of 13*h**3/2 - 5*h**2 - 3*h - 3. What are the prime factors of d(5)?
5, 37
Suppose 23*j - 32*j = -11754. List the prime factors of j.
2, 653
Let o = -9 - -15. Let m be (-3)/5 - o/(-10). Suppose 0*l - j - 7 = -2*l, 5*j - 15 = m. What are the prime factors of l?
5
Let p = 70 - -85. Suppose 0*n = -2*n + 3*a + p, 3*n - a - 229 = 0. What are the prime factors of n?
2, 19
Suppose -d - d + 12 = 0. Let b = -75 + 77. Suppose -d = b*n, -5*k + 4*n + 45 = 3. List the prime factors of k.
2, 3
Let d(c) = -5*c - 1 - 6 + c**3 + 6*c**2 + 4*c. Let a be d(-5). Let j = 53 - a. List the prime factors of j.
2, 3, 5
Let h = 5 + -2. Let y(d) = 0 - 14 + h*d + 4 + 0. List the prime factors of y(8).
2, 7
Let a = -12 + 14. Suppose 2 = a*q - 3*q. What are the prime factors of q + 1 + (2 - -10)?
11
Let m be (1/(-5))/((-19)/190). Suppose 0 = -5*o + m*c - 0*c + 720, 705 = 5*o - 5*c. List the prime factors of o.
2, 73
List the prime factors of 6/(-24) - (20114/(-8) + -3).
3, 839
Suppose 0 = -2*n - 668 + 4968. What are the prime factors of 18/(-12)*n/(-15)?
5, 43
Suppose 8*y - 4*y - 52 = 0. What are the prime factors of 2 + -1 + (y - 9)?
5
Let q(x) = 7*x - 8. Let a be q(4). Let c = 44 - a. Let k = -1 + c. What are the prime factors of k?
23
Let p = -644 - -1460. List the prime factors of p.
2, 3, 17
Let i(t) = -t**3 - 11*t**2 - 4*t + 56. Let j be i(-10). Let q(m) = -11*m - m**2 + 1 + 3*m + 1. List the prime factors of q(j).
2, 3
Let f = -1178 + 1794. List the prime factors of f.
2, 7, 11
Let s(w) = 5*w**2 - 7*w - 12. Let a(q) = -10*q**2 + 13*q + 23. Let d(k) = -4*a(k) - 7*s(k). List the prime factors of d(-4).
2, 3, 7
Suppose 3*x = 5*q - 5, -x - x + 3*q - 2 = 0. Suppose 0 = x*n - 473 - 187. What are the prime factors of n?
2, 3, 11
Let p(r) = 4*r + 27. Let a be p(-13). Let h = a - -176. What are the prime factors of h?
151
Let d(q) = -150*q. Suppose 4 = c + 5. Let y be d(c). List the prime factors of (y/(-3 - 0))/(-2).
5
Suppose 4*j - 5*j = -4, 3*g + 4*j - 1870 = 0. List the prime factors of g.
2, 3, 103
Let b be (-2)/(-11) + (-1968)/(-66). Let n = -10 + b. What are the prime factors of n?
2, 5
What are the prime factors of (-20347)/(-19) + 2/19?
3, 7, 17
What are the prime factors of (-6)/(-42) + 2712/28?
97
Let u(k) = -3*k**2 - 6*k - 3. Let q be u(-6). Let p be 1 - -106 - (-11 - -11). Let i = q + p. What are the prime factors of i?
2
Suppose 9*n - 4*n = 530. Let z = n + -28. Let v = 125 - z. List the prime factors of v.
47
Let l(x) be the third derivative of 31*x**4/24 - x**3/6 - x**2. Suppose -89 = 2*q - 91. List the prime factors of l(q).
2, 3, 5
Let r(d) = -539*d - 3. Let b be r(-1). Suppose -4*i + b = -284. List the prime factors of i.
5, 41
Let m = -22 - -17. List the prime factors of ((-4)/m)/(10/75).
2, 3
Let k(g) be the second derivative of 5*g**3/6 + 3*g**2/2 + 225*g. Let u(z) = 2*z - 4. Let s be u(3). What are the prime factors of k(s)?
13
Suppose 4*m - u + 302 = u, m - 2*u + 68 = 0. Let q = -70 - m. List the prime factors of q.
2
Let x = -72 - -669. List the prime factors of x.
3, 199
Let o(a) = 116*a - 5. What are the prime factors of o(13)?
3, 167
List the prime factors of ((-10)/4)/(20986/2332 - 9).
5, 11, 53
Let t(h) = -h**3 - 16*h**2 - 26*h + 6. List the prime factors of t(-15).
3, 19
Let b(r) = r + 2. Let l be b(-4). Let n(m) = 14*m**2 - m - 1. What are the prime factors of n(l)?
3, 19
Let y(r) = -r**3 + 10*r**2 - 13*r + 17. List the prime factors of y(6).
83
Suppose -b + 3*i = 21, -6 - 4 = 2*b + 2*i. Let s be (-4)/18 - 569/b. Suppose -2*o + s = o. What are the prime factors of o?
3, 7
Let l = 581 + -394. What are the prime factors of l?
11, 17
Let f = 204 - 357. What are the prime factors of 515/9 - (-34)/f?
3, 19
Let m = -534 - -1055. List the prime factors of m.
521
Suppose -4*r + 0*r = 76. What are the prime factors of (r/(-5))/((-2)/(-10))?
19
Let d = -117 + 263. List the prime factors of d.
2, 73
Suppose 0 = -3*t + 69 + 105. Let r = 30 + -20. What are the prime factors of (-5)/r + t/4?
2, 7
Let t be 796/(-8) - (-3)/(-2). Let j = 57 - t. List the prime factors of j.
2, 79
Suppose -33195 = -48*y + 50373. List the prime factors of y.
1741
Let q be (6 + 3)*(-3)/(27/(-6)). Let w(l) = l**2 + 3*l + 7. Let t be w(-6). Let b = t + q. What are the prime factors of b?
31
Suppose -1013 + 4626 = 5*b - 2*k, -3*b - 2*k + 2155 = 0. List the prime factors of b.
7, 103
Suppose -15*r - 30 = -9*r. Let c(u) = 3*u**2 + 2*u. List the prime factors of c(r).
5, 13
Let v be 52/14 - 12/(-42). Suppose -2 + v = p. Suppose p*k + 2*k - 56 = 0. List the prime factors of k.
2, 7
Let v(y) = 88*y + 429. List the prime factors of v(43).
11, 383
Let a be 0/(12/4)*1. Suppose 0 = f - a*f + 5, -k + 2*f = -31. List the prime factors of k.
3, 7
Let k be -3 - (-8 + (-2 - -4)). Suppose -5*l - 2 = -3*i, -2*l = -3*i + 3 + 5. Suppose -k*t - 131 = -l*f - 29, -2*f = 4*t - 88. List the prime factors of f.
2, 3
Let z = -1 - 2. Let u(j) = 3*j - 6. Let p(b) = b - 2. Let n(o) = z*u(o) + 8*p(o). List the prime factors of n(-10).
2, 3
Suppose 8*a = 48*a - 40040. What are the prime factors of a?
7, 11, 13
Let d(k) = -k**3 + k**2 + 5*k + 4. Let w be d(-4). Let t = 112 - w. Let v = t - 1. List the prime factors of v.
47
Suppose -2*z + 20 = 5*r - 5*z, 3*r - 12 = z. Suppose -2*l - l = 5*p - 1440, r*l + 2*p - 1920 = 0. What are the prime factors of (-2)/(-6) - l/(-18)?
3
Suppose -4*h + 28 = 2*w - 6*w, -w = h + 9. Let u be (-4)/(-3) + w/(-1